) = y**3 - 7*y**2 - 28*y + 161. Let f be n(8). What is p(f)?
45
Let a(y) = -y - 2. Let i(l) = -l**2 + 7*l + 2. Suppose 6*t - 32 = 2*t. Let d be i(t). Calculate a(d).
4
Let t(c) = -c**3 - 22*c**2 - 21*c + 3. Let x be 9 + (-250)/10 + -5. What is t(x)?
3
Suppose -9*j - 17 = -5*j + 5*n, -j - 3 = n. Let s(a) = -8*a + 10*a + j + 2. What is s(5)?
14
Let c = 124 - 103. Let d(f) = -2*f + 0*f - c + 7*f + 20. Calculate d(1).
4
Let u(n) = -n**2 - n - 3. Suppose 0 = 6*p + 231 - 231. Let a = -2 + 4. Suppose r - a*y - 2 = -0*y, 5*y + 5 = p. What is u(r)?
-3
Suppose -5*z + 3 = -4*g - 0, -z - 2*g = 5. Let j(b) = 8*b**2 + 5*b + 2. Let w be j(z). Let c(y) = y**3 - 4*y**2 - 6*y + 1. Calculate c(w).
-4
Let a(v) = 8*v + 3. Suppose 0 = -4*t + 8*t - 28. Let f(l) = 7*l + 2. Let o(h) = t*f(h) - 6*a(h). Determine o(3).
-1
Let k(t) = -3*t**3 + 4*t**2 + t + 2. Let z be -1 - 0 - (7 - 10). Let i(v) = v**3 - v**2 - v - 1. Let s(h) = z*i(h) + k(h). Determine s(2).
-2
Let m(j) = 6*j - 9*j**2 - 6*j**2 - 2*j**2 + 9*j**2 + j**2. Determine m(2).
-16
Let n(r) = -r**3 - 4*r**2 + 2*r + 3. Suppose -l + 9 = -7. Suppose s = 3*p - l, -5*p = -3*s - 50 + 18. Let h be n(s). Let o(a) = a**2 + 6*a + 7. Give o(h).
2
Let f(m) be the first derivative of -1/2*m**2 + 18 + 0*m. What is f(3)?
-3
Suppose -3*o - k - 14 = 0, 42 = -36*o + 31*o + 3*k. Let f(b) = 4*b + 12. Determine f(o).
-12
Let n(u) = u + 1. Suppose -4*g + 0*g + w = 4, 0 = -g - w - 1. What is n(g)?
0
Let s(x) = -x - 8. Let m(k) = k**3 - 24*k**2 - 26*k + 25. Let a be m(25). Determine s(a).
-8
Let a(z) = 4*z. Suppose 5*l - 2*l - 1 = 2*y, -4*y = 3*l - 7. Let u be 2/3*6/4. Suppose 2*n - u = y. Give a(n).
4
Suppose 0 = w + 4 + 2. Let g(q) = -5*q**3 + q**2 - 6*q - 6. Let x(b) = 4*b**3 - b**2 + 7*b + 7. Let c(s) = w*g(s) - 5*x(s). Determine c(-1).
-11
Let f(h) be the third derivative of -h**5/60 - h**4/6 - h**3 - 8*h**2. Determine f(-4).
-6
Let l(j) = -j + 11. Let u(v) = 4*v - 19. Suppose -4*f + 0 = q - 24, -4*q - 9 = f. Let d be u(f). Calculate l(d).
2
Let y(s) = 6*s + 2. Let j(c) = 17*c + 14. Let r(v) = -j(v) + 3*y(v). What is r(8)?
0
Suppose 0 = -4*r - 20 - 0. Let y be ((-16)/20)/(2/r). Let s(v) = 0*v - 2*v + y + v. Give s(7).
-5
Let m be (10/(-4))/(6/(-12)). Let n(c) = c**2 - 3*c - 6. What is n(m)?
4
Let f(b) be the second derivative of -1/120*b**5 + 5*b + 0*b**3 + 0 - 1/72*b**6 + 1/12*b**4 + 0*b**2. Let z(q) be the third derivative of f(q). What is z(-1)?
9
Let m(p) = 1 + 1 + 2 - p. Suppose -l + l = -15*l + 120. What is m(l)?
-4
Let t(b) = -7*b**2 + b + 4. Let c = -51 + 59. Let d(w) = 11*w**2 - 2*w - 6. Let h(g) = c*t(g) + 5*d(g). What is h(-5)?
-13
Let n(o) = 6*o**2 + o - 1. Let h be (-1 - -2)*(-27 + 29). Give n(h).
25
Let d(g) = 2 - 3 - 2*g - 5*g**2 + 6*g - 3*g. Suppose -i + 2*i - 1 = 0. Suppose 2 - i = f. Give d(f).
-5
Let s = -5 + 8. Let g = -15 + 32. Let k(o) = o**2 + g - 6 - 7 - o. Determine k(s).
10
Let w(y) = y + 4 + 3*y**2 - 2 + 3*y**3 - y**2. Let l(j) = -j**2 - 22*j - 114. Let f be l(-8). Calculate w(f).
-16
Let a(k) be the second derivative of k**5/20 - k**4/12 + k**3/6 + k**2/2 - 2*k. Suppose 4*y + 4*l = 5*y - 18, -y - 2 = l. Determine a(y).
7
Suppose 4*o + 3*j = 7*j + 96, 4*o = -2*j + 96. Suppose 0 = -23*l + 17*l + o. Let n(f) = f**2 + 1. Give n(l).
17
Let f(r) be the third derivative of -r**4/12 + r**3/2 + 8*r**2. Let d(v) = -v + 1. Let y(j) = -6*d(j) + f(j). Determine y(-3).
-15
Let g(b) = -5 - 3*b + 2549*b**2 - 1272*b**2 - 1276*b**2. Suppose 0*o + 3*o = 2*w - 7, 20 = 3*w + 5*o. Determine g(w).
5
Let z(d) = -d + 1. Let x be z(5). Let u(n) be the second derivative of n**3/3 + 2*n**2 + 4*n. Calculate u(x).
-4
Let z(n) be the second derivative of -n**4/3 - 2*n**3/3 + 3*n**2/2 - 16*n. Let g(v) = -4*v**2 - 5*v + 4. Let o(s) = 4*g(s) - 5*z(s). Determine o(-1).
5
Let g(v) = v - 10. Suppose 4*m = 5*h, 3*m = 7*m. Suppose 1 = 3*t - 2, 4*u - 5*t - 23 = h. What is g(u)?
-3
Suppose -11 - 7 = -3*d. Let m(n) = -2*n + n - n - d. Suppose -10*b + 0*b - 50 = 0. Give m(b).
4
Let q(a) = 2*a - 4. Suppose -2*u = u - 27. Determine q(u).
14
Suppose 0 = -p + 11 - 71. Let h = p + 51. Let l(z) = z + 13. Determine l(h).
4
Let f(y) = 3*y**2 + 2*y. Let o be 2/(1 + 3 + -5). What is f(o)?
8
Let c be (81/18)/(((-15)/4)/(-5)). Let f(g) = -2*g + 13. What is f(c)?
1
Let r(i) = i - 1. Let n(m) = -10*m + 16. Let u(s) = 9*s - 15. Let j(v) = 2*n(v) + 3*u(v). Let p(h) = j(h) - 6*r(h). Give p(7).
0
Let g(o) be the second derivative of o**5/20 - 5*o**4/4 + 8*o**3/3 - 11*o**2 + 2*o - 12. Calculate g(14).
6
Suppose u = -2*f - 0*f - 2, -4*f - u = 0. Suppose -4 = -4*h + 4. Let l = h + f. Let i(o) = -4*o + 3. Calculate i(l).
-9
Let t(q) = q**2 + 8*q + 5. Let a be -12*((-184)/(-69) - (0 - -2)). Calculate t(a).
5
Suppose 0 = o - 0 - 14. Suppose -2*j + o - 6 = 0. Let v(h) = 6*h**2 - 12*h - 4. Let q(n) = -n**2 + 2*n + 1. Let z(l) = 5*q(l) + v(l). Calculate z(j).
9
Let t = 968 - 960. Let v(w) = 7*w - 4 + 7*w**2 - 2*w - w**3 + 3*w. Give v(t).
-4
Let b(z) = z**3 + 5*z**2 - 1. Let d(h) = -4 + 2 - 1 + 2 + 49*h. Let f be d(1). Let o be f/(-9) - 3/(-9). What is b(o)?
-1
Let u(m) = -8*m + 36. Suppose 48 = 153*n - 141*n. Calculate u(n).
4
Suppose 1 = -3*p + 2*s + 13, 4*p - 5*s = 23. Let g(q) be the first derivative of 3*q - 1/2*q**2 - p. Calculate g(5).
-2
Suppose -2*s = 5*a - 3, a + a = -2*s - 6. Let g(q) = q**2 + 8*q + 8. What is g(s)?
-4
Let t be (-4)/((-9)/((-36)/8)). Let d = t - 1. Let q be -3 + (3 - 3) + d. Let p(g) = -g**3 - 5*g**2 + 8*g + 3. Give p(q).
-9
Let p(c) = 5*c + 1. Suppose 5 = -l - 3*j - 0*j, -2*l = -4*j - 20. Suppose 1 = z + l. Give p(z).
-14
Let u(j) = -j**3 + 6*j**2 + 8*j - 6. Suppose 5*h - 346 = -111. Let m = h + -40. Calculate u(m).
1
Let t(a) be the second derivative of a**3/6 + a**2 + 2*a. Suppose 3 = -4*v + 5*s, -4*s + 21 = 2*v + v. Determine t(v).
5
Let q = -4 + 6. Let w(i) = -5*i**3 + 5*i**2 + 4*i - 15. Let x(z) = 6*z**3 - 6*z**2 - 5*z + 18. Let k(p) = -7*w(p) - 6*x(p). Determine k(q).
-3
Let c be (0 + 0)/(-1 - -3) + -3. Let n(x) = x**3 + 5*x**2 + 2*x + 1. Calculate n(c).
13
Let z(b) be the first derivative of -b**3/3 - b**2/2 + 8*b + 221. Calculate z(0).
8
Let m(c) = -191*c + 184. Let s be m(1). Let r(j) = j**2 + 7*j - 3. Give r(s).
-3
Let w(j) be the first derivative of 38*j**3/3 + j - 17. Give w(1).
39
Let x(y) = 2*y**2 - 5*y + 2. Let s be (-3 + 9)*(-2)/2. Let j be s*((-9)/6)/3. Determine x(j).
5
Suppose 4 = -d - 2*z - 13, -4*d = -2*z + 68. Let f = d + 9. Let p = 4 + f. Let s(m) = -3*m - 2. Give s(p).
10
Let l(r) be the second derivative of -7*r**3/6 - 13*r**2/2 + 2*r + 374. What is l(-7)?
36
Let a = 2 - 1. Let l(o) = o**2 + 3*o - 25. Let m be l(-7). Let d(v) = 2*v**2 - 3*v**2 - 7 - 6*v**m + 2*v + 6. Determine d(a).
-6
Let h = 51 - 94. Let z = h - -35. Let y(w) = w + 13. Determine y(z).
5
Let y(s) = 10*s - 2. Let m be 10/(-10)*(1 - (-2 - -5)). What is y(m)?
18
Suppose 0 = 3*i + 2*i - 5*n + 5, -5*i - 5*n - 5 = 0. Let t(s) = -s + 1. Let o(a) = 13*a - 3. Let x(b) = -o(b) - 2*t(b). Give x(i).
12
Let l(v) = v**3 - 4*v**2 + 5. Let z be (1 - 2) + (1 - 2). Suppose -b = m - 10 + 3, 3*b = -5*m + 23. Let c = b + z. Give l(c).
5
Let a(r) = r - 5. Suppose 5*t + 2*d - 85 = 11, -60 = -3*t - 2*d. Let j be t*4*(-4)/(-32). Determine a(j).
4
Suppose o - 35 + 27 = 0. Let y(i) = -i - 3. Let x(t) = 4*t + 13. Let d(k) = 2*x(k) + 9*y(k). What is d(o)?
-9
Let o(n) = 37*n - 410. Let l be o(11). Let g(z) = -z**3 + 2*z**2 + 3*z + 6. What is g(l)?
42
Let l(p) = 2*p - 3. Let r(f) = -f + 2. Let b(v) = -3*l(v) - 5*r(v). Suppose 3 = -5*o - 12. Let w be 3 + o/(1 + -4). Calculate b(w).
-5
Let s(c) = -4*c. Suppose k - 5 - 17 = 0. Let g = k - 31. Let w = 10 + g. Determine s(w).
-4
Let s(l) = -4*l. Let a = -486 - -489. Determine s(a).
-12
Let m(h) = -2*h + 24. Let g be (-3)/(-2)*(8 + -20). What is m(g)?
60
Let q(c) = -c**3 - 7*c**2 + 5. Suppose 3*t + 123 = 4*f, 2*t = -3*f - 3*t + 85. Suppose -4*a + 2*a - f = -4*l, 5*a - 3*l = -47. What is q(a)?
5
Suppose 5*z - 2*z + f + 27 = 0, -4*f + 2 = z. Let o(p) = p**3 + 11*p**2 + 9*p - 6. What is o(z)?
4
Let s be (2/7 - (-133)/49) + 1. Suppose 3*m - 5 = -5*n, s*m - n + 32 = 2*n. Let r(y) = 3 - 8*y**2 - y**3 + 0 - 5*y + 2*y**2. Give r(m).
3
Let n(m) be the third derivative of 26*m**2 + 0*m - 8/3*m**3 + 0 + 1/24*m**4. Determine n(8).
-8
Let a(m) be 